the ten thousands digit of 10983?
1
What is the units digit of 4433?
3
What is the hundreds digit of 46097?
0
What is the units digit of 9045?
5
What is the tens digit of 1235?
3
What is the units digit of 908?
8
What is the tens digit of 2178?
7
What is the hundreds digit of 13264?
2
What is the units digit of 21657?
7
What is the thousands digit of 3713?
3
What is the units digit of 21159?
9
What is the units digit of 81076?
6
What is the hundreds digit of 81772?
7
What is the units digit of 108811?
1
What is the hundreds digit of 7181?
1
What is the thousands digit of 4988?
4
What is the hundreds digit of 36357?
3
What is the tens digit of 436?
3
What is the hundreds digit of 99505?
5
What is the hundreds digit of 21884?
8
What is the units digit of 21957?
7
What is the hundreds digit of 2995?
9
What is the hundreds digit of 36772?
7
What is the tens digit of 11862?
6
What is the units digit of 4191?
1
What is the hundreds digit of 16049?
0
What is the hundreds digit of 70250?
2
What is the thousands digit of 31170?
1
What is the units digit of 34198?
8
What is the hundreds digit of 8920?
9
What is the units digit of 16097?
7
What is the tens digit of 10187?
8
What is the units digit of 705?
5
What is the hundreds digit of 9236?
2
What is the hundreds digit of 1224?
2
What is the tens digit of 27061?
6
What is the hundreds digit of 4004?
0
What is the units digit of 1568?
8
What is the tens digit of 49765?
6
What is the thousands digit of 22156?
2
What is the hundreds digit of 3088?
0
What is the units digit of 279?
9
What is the thousands digit of 9440?
9
What is the units digit of 82038?
8
What is the thousands digit of 1073?
1
What is the units digit of 904?
4
What is the thousands digit of 87783?
7
What is the thousands digit of 2903?
2
What is the tens digit of 113?
1
What is the hundreds digit of 7172?
1
What is the hundreds digit of 841?
8
What is the hundreds digit of 2761?
7
What is the hundreds digit of 898?
8
What is the units digit of 971?
1
What is the units digit of 6586?
6
What is the ten thousands digit of 13490?
1
What is the units digit of 6376?
6
What is the units digit of 9092?
2
What is the tens digit of 5086?
8
What is the thousands digit of 1559?
1
What is the hundreds digit of 4826?
8
What is the hundreds digit of 7184?
1
What is the hundreds digit of 84875?
8
What is the hundreds digit of 4447?
4
What is the thousands digit of 9775?
9
What is the thousands digit of 57393?
7
What is the hundreds digit of 11913?
9
What is the tens digit of 56897?
9
What is the thousands digit of 3034?
3
What is the tens digit of 935?
3
What is the hundreds digit of 5917?
9
What is the units digit of 11546?
6
What is the hundreds digit of 23856?
8
What is the ten thousands digit of 43445?
4
What is the hundreds digit of 2538?
5
What is the thousands digit of 14484?
4
What is the tens digit of 98935?
3
What is the hundreds digit of 2188?
1
What is the tens digit of 1348?
4
What is the ten thousands digit of 12404?
1
What is the tens digit of 32?
3
What is the hundreds digit of 37102?
1
What is the hundreds digit of 2981?
9
What is the hundreds digit of 3538?
5
What is the tens digit of 3103?
0
What is the hundreds digit of 64611?
6
What is the tens digit of 51686?
8
What is the tens digit of 19716?
1
What is the hundreds digit of 2992?
9
What is the hundreds digit of 6536?
5
What is the thousands digit of 24503?
4
What is the thousands digit of 8236?
8
What is the tens digit of 6421?
2
What is the hundreds digit of 851?
8
What is the thousands digit of 1540?
1
What is the tens digit of 1080?
8
What is the ten thousands digit of 76832?
7
What is the tens digit of 8529?
2
What is the hundreds digit of 112?
1
What is the tens digit of 877?
7
What is the hundreds digit of 385?
3
What is the tens digit of 3541?
4
What is the hundreds digit of 1037?
0
What is the units digit of 7?
7
What is the thousands digit of 133111?
3
What is the tens digit of 2112?
1
What is the tens digit of 2367?
6
What is the tens digit of 951?
5
What is the units digit of 1854?
4
What is the units digit of 3047?
7
What is the ten thousands digit of 81660?
8
What is the tens digit of 1412?
1
What is the units digit of 7681?
1
What is the hundreds digit of 5893?
8
What is the units digit of 397?
7
What is the units digit of 3?
3
What is the tens digit of 48365?
6
What is the tens digit of 7606?
0
What is the tens digit of 9679?
7
What is the units digit of 4958?
8
What is the tens digit of 92812?
1
What is the thousands digit of 1473?
1
What is the hundreds digit of 8736?
7
What is the units digit of 539?
9
What is the tens digit of 9303?
0
What is the hundreds digit of 1955?
9
What is the thousands digit of 4513?
4
What is the tens digit of 999?
9
What is the thousands digit of 73427?
3
What is the thousands digit of 7958?
7
What is the hundreds digit of 7196?
1
What is the tens digit of 2829?
2
What is the hundreds digit of 10844?
8
What is the thousands digit of 9413?
9
What is the hundreds digit of 10718?
7
What is the hundreds digit of 13642?
6
What is the hundreds digit of 2784?
7
What is the ten thousands digit of 71541?
7
What is the thousands digit of 1577?
1
What is the thousands digit of 1466?
1
What is the units digit of 660?
0
What is the thousands digit of 5670?
5
What is the ten thousands digit of 69690?
6
What is the hundreds digit of 1420?
4
What is the hundreds digit of 2015?
0
What is the hundreds digit of 224?
2
What is the tens digit of 51283?
8
What is the tens digit of 1595?
9
What is the hundreds digit of 267?
2
What is the thousands digit of 9727?
9
What is the units digit of 1565?
5
What is the hundreds digit of 46516?
5
What is the tens digit of 4908?
0
What is the tens digit of 2206?
0
What is the tens digit of 989?
8
What is the ten thousands digit of 82259?
8
What is the units digit of 7174?
4
What is the thousands digit of 10206?
0
What is the tens digit of 21445?
4
What is the units digit of 1242?
2
What is the hundreds digit of 2818?
8
What is the hundreds digit of 109557?
5
What is the tens digit of 1915?
1
What is the hundreds digit of 411?
4
What is the hundreds digit of 2663?
6
What is the hundred thousands digit of 133447?
1
What is the hundreds digit of 14861?
8
What is the units digit of 4752?
2
What is the hundreds digit of 5097?
0
What is the units digit of 5404?
4
What is the tens digit of 1680?
8
What is the thousands digit of 2061?
2
What is the tens digit of 4000?
0
What is the tens digit of 92846?
4
What is the thousands digit of 44702?
4
What is the thousands digit of 36973?
6
What is the units digit of 9370?
0
What is the thousands digit of 1956?
1
What is the units digit of 8711?
1
What is the hundreds digit of 6372?
3
What is the tens digit of 340?
4
What is the tens digit of 26635?
3
What is the thousands digit of 2667?
2
What is the thousands digit of 4669?
4
What is the ten thousands digit of 13467?
1
What is the tens digit of 1946?
4
What is the tens digit of 962?
6
What is the tens digit of 5038?
3
What is the tens digit of 37672?
7
What is the hundreds digit of 89258?
2
What is the tens digit of 26180?
8
What is the hundreds digit of 195446?
4
What is the thousands digit of 48930?
8
What is the hundreds digit of 438?
4
What is the units digit of 5675?
5
What is the hundreds digit of 1291?
2
What is the hundreds digit of 4727?
7
What is the tens digit of 55257?
5
What is the units digit of 1450?
0
What is the thousands digit of 1122?
1
What is the tens digit of 23277?
7
What is the tens digit of 7881?
8
What is the units digit of 2533?
3
What is the thousands digit of 11869?
1
What is the hundreds digit of 1003?
0
What is the hundred thousands digit of 124441?
1
What is the hundreds digit of 147?
1
What is the hundreds digit of 2608?
6
What is the units digit of 378?
8
What is the units digit of 32502?
2
What is the thousands digit of 15450?
5
What is the units digit of 10823?
3
What is the tens digit of 28679?
7
What is the thousands digit of 2801?
2
What is the units digit of 1742?
2
What is the tens digit of 8872?
7
What is the units digit of 124066?
6
What is the thousands digit of 3547?
3
What is the units digit of 1458?
8
What is the tens digit of 62483?
8
What is the hundreds digit of 4382?
3
What is 